 15128 = 3*r. Is c a composite number?
False
Let k(l) = 2*l**2 + l - 5. Let g be k(-3). Suppose g = -2*r, -4*m = -8*r + 3*r - 4469. Is m a prime number?
False
Let u(b) = 10*b**3 - 8*b**2 + 10*b - 18. Is u(5) a composite number?
True
Let v = -93 - -99. Suppose 0 = 4*g - 5*a - 1165, g + 5*a + 13 = 273. Let n = v + g. Is n a prime number?
False
Let y(g) = g**2 + g - 27. Let c be y(5). Suppose -557 = c*s - 4*s. Is s composite?
False
Is (1 - 2)*(10 + (-90954)/6) prime?
True
Suppose 3*r - 32 = -98. Let j = 101 + -70. Let u = j - r. Is u a composite number?
False
Suppose -3*w + g + 30103 = -0*w, 0 = -w + 2*g + 10041. Is w a composite number?
True
Let w = 3379 + -1644. Is w composite?
True
Let x = 5 - 2. Let m(l) = l - l + 32*l**2 + 5 - l + x*l. Is m(6) composite?
True
Let y(l) = -11*l**2 + l + 1. Let r(n) = 8*n**2 - 5*n**2 - 3*n - n + 29*n**2 - 4. Let u(o) = 4*r(o) + 11*y(o). Is u(-4) a prime number?
True
Suppose -2*z = -1669 - 4393. Suppose -4*k + z = 3*l, k - l = 4*k - 2277. Suppose 4*y = -5*m + 754, 0*m + k = 4*y + 2*m. Is y a composite number?
False
Suppose 5*p + 3*c = 10756, -3*p - 3*c + 1074 + 5376 = 0. Is p composite?
False
Let j = 19 - 17. Suppose j*s - 6156 = -2*s. Suppose -u = 2*p - 0*p - 613, -4*u - s = -5*p. Is p a composite number?
False
Suppose -o + 5*o = 3168. Suppose -5*a + 8 + o = 0. Let c = a + -114. Is c prime?
False
Let u(h) = h**3 + 7*h**2 + 49*h + 80. Is u(23) a prime number?
True
Suppose -6*l - 22673 = -4*a - l, -2*a = 2*l - 11350. Suppose 0 = 84*c - 80*c - a. Is c prime?
False
Let f be 8/5*(7 + 3). Is (0 - -76)*124/f a prime number?
False
Suppose 2*m - 7*m + 474 = d, -1018 = -2*d + 4*m. Let g = -232 + d. Is g a composite number?
True
Suppose 0*s + s - 358 = 3*x, -1742 = -5*s - x. Let k = 1092 - s. Is k a prime number?
True
Let o(s) = s**3 + 8*s**2 - 10*s - 7. Let u be o(-9). Let f(b) = 2*b + 6*b - 11*b + 7*b**u + 2 + 1. Is f(2) prime?
False
Let q = -28 - -26. Let i(j) = -12*j**3 + j**2 + 2*j + 1. Is i(q) composite?
False
Suppose -5*m = 4*j - 43041, -j - 30888 - 3549 = -4*m. Is m prime?
True
Let o = -14 - -14. Suppose -5*g + 5 = 0, o = 3*v + 4*g - g - 5904. Is v a prime number?
False
Let x(t) = -t**2 + 20*t - 31. Let m be x(18). Suppose -4*n - 4*o + 618 = -378, -2*o - 1245 = -m*n. Is n composite?
True
Suppose n = -2*d + 19584, -n + 18309 = 4*d - 20857. Is d a composite number?
False
Suppose -4*u = 2*j + 9698, 0 = u - 2*u - 5*j - 2402. Let s = -868 - u. Is s a prime number?
True
Let t(v) = v - 13. Let z be t(15). Suppose 0 = -4*a - 4*n + 24, -a + 2*n = -z*a + 6. Is a a prime number?
False
Let w(v) = -4*v + 3. Let m be w(-4). Suppose -4*x - 1 - m = 0. Is (19/2)/(x/(-10)) prime?
True
Suppose 2*i + 0*s - 2*s = 3812, 7642 = 4*i + 2*s. Is i prime?
False
Is ((-276499)/8)/((10/16)/(-5)) a prime number?
True
Let d be 16/((-4 + 6)/4). Let i = d - 30. Suppose i*u = 3*l + 832, 3*l + 1249 = 3*u - l. Is u a prime number?
True
Let x be (-21154)/(-18) - (-24)/(-108). Suppose -2*m - x = -5*i - 3*m, -5*i + 3*m = -1175. Is i composite?
True
Is 567816/200 + 4/(-50) composite?
True
Let s = -599 - -1820. Is s - (4 + -6 + 0) a composite number?
False
Let u be (873/(-6))/((-2)/24). Let p = 467 + u. Suppose -2216 = -5*f - k, -3*k + k = -5*f + p. Is f prime?
True
Let w be 3132/30*10/4. Suppose l + w - 912 = 0. Suppose 0 = -2*i + l - 177. Is i a prime number?
False
Let w(z) = z**3 - 15*z**2 + 15*z. Let v be w(14). Let a be (2 - 168) + v/(-7). Let s = 323 + a. Is s prime?
False
Let a(h) be the first derivative of -h**6/120 - 7*h**5/60 - 11*h**3/6 + h**2/2 + 4. Let u(z) be the second derivative of a(z). Is u(-8) a composite number?
False
Suppose 2*a + 8 = 4*a. Suppose t - 952 = -t + 3*g, -a*t + 1918 = g. Is t composite?
False
Let l(n) = 425*n**2 + 43*n - 1. Is l(3) prime?
False
Suppose -30 + 0 = -4*j - r, 0 = 2*j + r - 16. Suppose -2*z + j*z = 3925. Is z prime?
False
Let v(h) = h**2 + 11*h + 12. Let f be v(-10). Suppose -7*i + f = -19. Suppose -3*m + a + 766 = 0, 4*a - 23 = -i. Is m a composite number?
False
Suppose -3*f - 3*s - 8 = -7*s, 2*f + s = 13. Suppose -2*x - f*x + 5862 = 0. Is x composite?
False
Is 6608 + (-27)/(16 + -7) a prime number?
False
Let w(u) = -19*u**2 - u - 3. Suppose -13 = -2*s - a, 0 = -2*s + 6*s + 4*a - 36. Let c be w(s). Let x = -170 - c. Is x prime?
False
Let g(z) = z**3 + 5*z**2 + 5*z + 2. Let p be g(-3). Suppose v = 2*s + 259, p*v + 3*s = 1619 - 389. Is v a composite number?
True
Suppose -29*m + 24*m + 22948 = 4*n, 0 = -2*m. Is n composite?
False
Let h(z) = -11*z - 43. Let i be h(-25). Let m = 219 + i. Is m composite?
True
Let t be (974 - 1)/(1 + -4 + 4). Let y = t - 564. Is y a composite number?
False
Let q(o) = 2*o + 1. Let c be q(-2). Let y(n) = -4*n**2 - n + 6. Let f be y(c). Is 3/9 + (-990)/f prime?
True
Suppose -3*z + 2*u = -2*u - 8, -u - 1 = -z. Let w(g) = g**3 + 3*g**2 - 4*g + 3. Let o be w(z). Is (-2)/o + (-2337)/(-9) a prime number?
False
Let c(s) be the third derivative of s**7/630 + s**6/720 + s**5/24 + s**4/12 - 6*s**2. Let h(n) be the second derivative of c(n). Is h(-8) a prime number?
False
Let y = 8020 + -5567. Is y a prime number?
False
Let i(k) = -k - 6. Let p be i(-8). Let b be 8/(0 - (p - 4)). Suppose -5*r + 184 = 4*t, -b*r + 59 = 2*t - 27. Is t composite?
True
Suppose 9 = -3*x, 0*x + 3*x + 15 = 3*v. Let r(m) = -4*m**2 + 2*m**3 + 4*m**v + 1 + m - 7*m**2 + 2*m**2. Is r(4) prime?
True
Suppose 6428 = -33*n + 35*n. Let v = n - -1567. Is v a prime number?
False
Let r(g) = 3149*g + 534. Is r(31) a prime number?
False
Suppose 5*c + 4*z = z + 431, -2*c = 5*z - 180. Suppose -3*k - 4 = -c. Suppose 170 = p + k. Is p composite?
True
Let x be (-1)/((44/8)/11). Is -5 + (x + 7 - -1477) composite?
True
Let c = 26101 - 14330. Is c a composite number?
True
Let f = -15 - -19. Suppose w + 5*b = -3 - 3, 18 = -3*w - f*b. Is ((-319)/(-3))/((-2)/w) a prime number?
False
Let k(x) = 287*x**3 + 4*x**2 - 13*x + 8. Is k(3) composite?
True
Suppose -4*u - 5*l + 7 = -3, -4*u = -3*l + 6. Suppose 2*k = -2*m + 13548, u*k + 13553 = 2*k + m. Is k composite?
False
Is (-49878)/(-22) + 3 + 210/(-66) composite?
False
Let l(p) be the third derivative of -p**5/60 - 13*p**4/24 - 13*p**3/6 - 3*p**2. Is l(-9) a composite number?
False
Let l(x) = x**3 - 5*x**2 - 2*x + 7. Let b be l(5). Let p(u) = -5*u - 7. Let y be p(b). Is (-12)/y*-2 - -416 a prime number?
True
Suppose -5*q + 0*q - 4*r + 10 = 0, 0 = 5*r. Suppose q = -2*o + 8. Suppose -5*a + 15 = 0, -a + 1138 = 2*d + o*a. Is d prime?
True
Suppose 3*o - 1011 + 153 = 0. Suppose o + 177 = h - 4*u, 5*u = 0. Is h composite?
False
Let g(i) = -281*i - 2. Let o be -7*1/((-28)/(-24)). Let n be g(o). Suppose 4*d - 20 = 0, 3*d + n = 5*x - 76. Is x a composite number?
True
Suppose 13*a - 2741 - 9336 = 0. Is a composite?
False
Suppose -647*b = -646*b - 7717. Is b a composite number?
False
Let y(c) = -14*c**2 - 7*c + 10. Let k be y(3). Let n = k - -65. Is 13*(n - -4)/(-4) a prime number?
False
Let h = -10 + 18. Let f(b) = -h + 27*b + 7 + 37*b. Is f(2) prime?
True
Suppose f = 3*j + 14, -2*f - j + 8 = -6. Suppose -f - 2 = -2*v. Suppose 10*h = v*h + 1015. Is h prime?
False
Suppose 3*g + 5*c = 45, 4*g + 7 = -2*c + 53. Let w = 10 - g. Suppose w = 3*a + 51 - 252. Is a composite?
False
Let f = -242 - -1536. Suppose 4*h + 4*b = 362 + f, 2*b + 808 = 2*h. Is h a composite number?
False
Let k(u) = u**3 - 12*u**2 + 10*u + 16. Let q be k(11). Suppose 4*l = q*n + 8981, n - 8999 = -3*l - l. Is l a composite number?
True
Let d(g) = 3*g - 2*g + g - 7 + g + 33*g**2. Is d(3) a prime number?
False
Let w be ((-123)/(-6))/((-1)/2). Let c(k) = -27*k**3 + 2*k - 2. Let v be c(1). Let m = v - w. Is m composite?
True
Suppose 18729 = 14*m - 717. Suppose q - 4*y - 950 = -q, 3*y - m = -3*q. Is q prime?
True
Let y(c) = 4261*c - 8. Let p be y(6). Suppose -2*f = 2*v - 6504, -9318 = 5*v + f - p. Is v prime?
False
Suppose -23*l - 733 = -24*l. Let w = 1134 + l. Is w a prime number?
True
Let l(t) = 0*t**3 + 6 + 8 - 11*t**2 - t - t**3 + 13*t. Let u be l(-12). Suppose -u*z + 6*z = -2680. Is z a composite number?
True
Let n be ((-2)/(-3))/((-22)/(-33)). Let u be (-2 + n)*(-16 - -16). Suppose 2*g - 3*g + 33 = u. Is g prime?
False
Suppose 0*i - 2 = -2*i. Let t be i/((-2)/(-123))*2. Suppose 11 + t = 2*j. Is j prime?
True
Let a = 3153 + -1744. Is a composite